 -1)) + -3.
-4
Evaluate -5 - -2 - -2 - 4.
-5
What is the value of 4 + (6 - 15) + 6?
1
Evaluate 8 - 13 - -18 - 7.
6
105 - 95 - (-2 + 1)
11
Evaluate (-26 - -19 - (1 - 11)) + -1.
2
1 + (-2 - (-7 + 12))
-6
15 + 0 + (173 - 182)
6
What is the value of 7 + -29 - -2 - -11?
-9
Calculate 4 + (-2 - 0) + -1 - -2.
3
What is (3 + 1 - -4) + -1?
7
-1 + 0 + 0 - (-51 - -50)
0
11 - (-8 + 9 - -17)
-7
What is the value of -7 - (-11 + -10 + 8)?
6
Evaluate (0 - 4) + -1 + 1.
-4
What is (6 - 8) + (21 - 11)?
8
Calculate (-16 - -22) + (2 - 7).
1
3 + (-5 - (1 + -1))
-2
What is the value of 25 + -23 + (1 - 4)?
-1
What is (6 + -3 - 1) + -2?
0
What is -2 + (4 - (-4 - -5))?
1
What is the value of 0 + -5 + 6 - (6 - 0)?
-5
Evaluate 4 - 13 - (-5 + 1).
-5
What is the value of -2 + 5 + 3 + -6 - 1?
-1
-1 - ((-2 - (2 - 4)) + 1)
-2
6 - (-4 + -3 + (-3 - -14))
2
0 - 1 - (-2 - -5)
-4
What is the value of -5 + -3 + -1 + 5?
-4
2 + -6 + -6 + 7
-3
Calculate -7 + 2 - (-1 - 1).
-3
What is the value of -7 + (-4 + 2 - -6) - -8?
5
What is the value of -54 + 43 - (-3 - 1)?
-7
Calculate -19 + 24 + (-7 - 5).
-7
What is -1 + -3 + -1 + 4 - -9?
8
Calculate (-9 - -13) + -7 + -2.
-5
What is 3 + 1 + (-1 - (2 - 4))?
5
Evaluate 15 + -11 + -1 + -7.
-4
What is 12 - 16 - (-1 - 7)?
4
What is (7 + -4 + 5 - -3) + -6?
5
What is (-7 - -5 - 1) + (1 - 2)?
-4
What is the value of 0 + 14 + (-10 - -20) + -15?
9
What is the value of (0 - 0 - -4 - 2) + -3?
-1
Evaluate 6 + -4 + (-10 - -15).
7
What is -73 + 83 - (10 - -1)?
-1
(-4 - (5 + -9)) + 1 + 0
1
Evaluate 0 + (-9 - (-10 + 4)).
-3
Evaluate 0 + (2 - (0 - -5)) - -3.
0
What is 0 - (1 - (1 + -1 - -6))?
5
Calculate (-12 - -24) + (-12 - -6 - -3).
9
What is -10 - (12 + -14) - (-3 + 2)?
-7
12 + (-1 - (-4 - -11))
4
What is the value of -4 + (-1 - 2 - -2)?
-5
Calculate (0 - -5) + -11 - -13 - 3.
4
Calculate -9 - (11 + (11 - 32)).
1
What is -7 - (13 - 5) - -10?
-5
What is 4 - (-2 + 3 + -3 + 2)?
4
What is the value of -6 - -1 - (-8 + 2 + -2)?
3
Evaluate (9 - 7) + (1 - 1).
2
Calculate -8 - (-1 - (3 + -2 + 2)).
-4
What is -20 + 10 - (-13 - -3)?
0
What is the value of 10 + -18 + (0 - -1 - -3)?
-4
-6 + (-25 - -23 - (-1 - 1))
-6
What is -2 - 1 - (-24 - -25)?
-4
What is the value of (-3 - 2 - -5) + (-7 - -12)?
5
What is the value of -4 + -2 + -6 + (-3 - -11)?
-4
What is 1 - (0 - (4 - 0))?
5
-1 + 6 + (0 - 7) - 4
-6
-1 + 0 - (2 + (11 - 9))
-5
What is 1 + -2 + (14 - (3 + 4))?
6
What is the value of -8 - (-5 + (8 - 6))?
-5
Calculate -12 + 6 + 5 - (-2 - 1).
2
266 - 263 - (0 + 1 + 2)
0
-13 - (0 + (11 + -7 - 10))
-7
Evaluate -5 + 2 + (2 + -3 - 1).
-5
Evaluate -7 + 2 - -1 - (3 - 1).
-6
What is 0 + 4 - (9 + -5)?
0
Evaluate -1 + (8 - 3) + -14 - -4.
-6
Evaluate 7 + -8 + 4 + -2 + -3.
-2
(3 - (-1 - -7) - -2) + -2
-3
Evaluate -1 + (3 - 0) + (-2 - -2).
2
What is -1 - (1 - (2 - 2))?
-2
Calculate 5 - (11 - 19 - (-15 + 2)).
0
What is the value of (1 - 8) + 0 + 2?
-5
What is 0 - 4 - (-3 + -6)?
5
(-4 + 2 - 0) + (0 - 1)
-3
What is the value of 2 + -2 - (-9 - -13)?
-4
What is the value of -1 + (2 - 3 - (1 + 0))?
-3
What is -4 - (-3 + (-17 - -10))?
6
-5 - (-7 + -7 + 12)
-3
What is -2 + (0 - -3) + -3 + -2?
-4
Evaluate 2 + -1 - (93 + -87).
-5
Calculate (-3 - 8) + -28 + 30.
-9
Calculate (9 - 5 - (-1 - -5)) + 2.
2
Calculate -11 - (-28 - -7 - -14).
-4
Evaluate -2 + (11 + -6 - 3).
0
9 + (-1 - 2) - 1
5
What is the value of 9 - (-7 + 5 - -6)?
5
Calculate 7 - (-1 - 0) - 8.
0
Evaluate (2 - (2 - 5) - 6) + 5.
4
Calculate 0 - 2 - (0 + (4 - 1)).
-5
What is the value of 2 + -4 - 2 - 0 - -2?
-2
What is 0 + (-11 - (2 + -1 + -3))?
-9
What is the value of 10 - (6 + (-5 - -10))?
-1
What is -2 + 4 + (5 - 4)?
3
What is the value of (-3 - -5 - -3) + -1 + -7?
-3
1 - (-1 + (1 - -1))
0
Evaluate 0 + -2 + 4 + 1 + -1.
2
Calculate -3 + 14 + -15 + 2.
-2
Evaluate 2 + 1 + 0 + 6 + -3.
6
Evaluate 4 + (3 - (5 + 3)) + -6.
-7
Evaluate 0 + 1 + -2 - (1 + 3).
-5
Calculate 1 - (2 - 5 - -1).
3
Calculate -5 - (-3 + 4) - -4.
-2
What is the value of (-8 - (-2 + -4)) + 5 + 2?
5
(-11 - 0) + -6 + 11
-6
What is the value of -1 + (3 - 14) - -7?
-5
Calculate (0 - (-3 + -2 - 2)) + 0.
7
Evaluate -2 + (2 + -2 - (6 - 2)).
-6
What is 4 + (4 - -1 - 3 - 2)?
4
-8 + -6 + (12 - (-4 - 3))
5
Evaluate -2 + (10 - 6) + -5 + 0.
-3
What is -8 - -1 - (23 + -28)?
-2
Calculate 1 + (-11 - -2) - -3 - -3.
-2
-8 + 1 - (15 - (12 + 3))
-7
What is the value of (-4 - (-1 - 3)) + 3?
3
Evaluate (3 - 1 - 1) + -4.
-3
What is 2 + (2 + 0 - 3)?
1
-1 + (1 - -7 - 4)
3
What is the value of (-9 - -1) + (13 - (-3 - -15))?
-7
16 + -7 + -11 + 1 + 0
-1
Calculate 0 + (5 + -13 - -3 - -11).
6
(1 - (2 + 2)) + 0 - -4
1
0 + (-3 - -3) + (2 - 2)
0
Calculate (-40 - -27) + (-1 - -23).
9
What is the value of 3 + 2 + -4 + 4?
5
-11 + 9 + -3 + -1
-6
What is 1 + (-5 - -11 - 2)?
5
Evaluate (-3 - 0 - -6) + (5 - 2).
6
Evaluate -10 + 0 - (-164 - -160).
-6
-3 + -1 + (1 - 2) + 3
-2
What is -1 - (3 + -5 - (0 - 0))?
1
Calculate -1 - (3 - -1 - 3).
-2
3 + -1 + -1 - (1 - 3)
3
-4 - (-2 + 2) - 0
-4
What is the value of 12 + (-11 - -2) + 0?
3
What is the value of -8 + (19 - (5 + 1 + -1))?
6
Evaluate (2 + -1 - 0) + 4.
5
(2 - (3 + 7)) + 6
-2
Evaluate 5 - (5 + -4 + 4).
0
What is the value of 1 + -1 - (1 - -2 - 1)?
-2
Evaluate -2 + 8 - -2 - 4.
4
Calculate 12 - (2 - 3) - 6.
7
What is the value of (-1 - -5) + (-6 - 2)?
-4
Calculate (3 + 0 - (4 - 2)) + -6.
-5
What is 3 - 2 - (-3 + 5 - 4)?
3
What is the value of (4 - -2) + (2 - 7) - -1?
2
Calculate 0 + -2 + (-3 - (3 - 4)).
-4
1 + -4 + 3 + (4 - 8)
-4
What is 4 + (-3 - 1) + -2 + -3?
-5
(-11 + 2 - -4) + (0 - 1)
-6
Calculate (5 + -2 - 7) + 5.
1
Calculate -2 + -5 + 12 + -7.
-2
What is -6 + (2 - 4) - (-1 - 2)?
-5
What is the value of 1 + (-2 - -2) + -2?
-1
(-6 - (-10 - 5)) + -5
4
What is 4 - -3 - 5 - -6 - 18?
-10
What is 0 - (0 - -4 - 4)?
0
4 + -1 + 0 - (404 + -400)
-1
What is (1 - 1) + 1 - -4?
5
Evaluate 1 + (-2 + 10 - 4) + -8.
-3
Evaluate -8 - -12 - (-2 - -4).
2
Calculate 8 + (-11 + -4 - 2) + 1.
-8
Evaluate -10 + 24 + -3 + -8.
3
What is -1 + 0 + -5 + 11?
5
Calculate -5 - (-2 + -7 + 3 - -2).
-1
Evaluate -7 + (5 + -3 - 0) - -7.
2
What is the value of 2 + -2 + -4 + 13 + 1?
10
What is the value of -1 + 2 + -4 - (39 - 45)?
3
What is (11 - 13) + 0 + 3?
1
What is the value of (1 - 0) + -6 + 2 + -1?
-4
Calculate -2 + (-2 - -10) + 1 + -5.
2
Calculate 15 + -6 - (1 + -4 + 7).
5
Calculate -3 - 0 - (-1 + -5 + 3).
0
2 + -1 - 0 - (-3 + 6)
-2
What is -1 + 7 - (19 + -14)?
1
Calculate -6 + 4 + -4 + 4.
-2
Calculate (50 - 45) + 0 + 1.
6
What is 1 + 2 - (-5 + 8)?
0
-7 - (-9 + 5 + 4 - 5)
-2
8 + -8 - (-1 + 2)
-1
Evaluate 4 - (0 + -2 + 1).
5
What is -62 + 74 - (3 - -20)?
-11
What is the value of 2 + -4 + -2 + 1 - 2?
-5
What is the value of -5 - (-1 - (-4 - -5))?
-3
Evaluate 1 - (-13 + 2) - (-13 + 18).
7
What is the value of -7 + 7 - (-1 - 0 - 2)?
3
What is (-9 - -6) + (2 - 4)?
-5
What is -4 + 6 + (4 - 1) + -6?
-1
What is the value of (-6 - -3) + -6 + 1?
-8
Evaluate -27 + 21 - ((2 - 4) + -4).
0
Evaluate 0 - (-1 - (-11 - -6)).
-4
What is the value of (-3 - (3 + -13)) + (29 - 31)?
5
Calculate -2 - (1 - (0 + 1)).
-2
Calculate -10 + 17 + -7 + -1.
-1
What is the value of (6 - 5) + (-10 - (2 + -4))?
-7
What is 12 + -7 - (-2 - -2 - -5)?
0
Evaluate 0 + (2 - 1) - (-7 + 9).
-1
What is the value of (1 - 1) + (5 - 2)?
3
3 + 3 + -1 + -1 + -5
-1
Calculate 3 + 0 - (0 - -2) - -6.
7
What is the value of 22 + -1 + -228 + 216?
9
What is the value of 3 + (4 - (12 + -2))?
-3
What is the value of -3 + 0 + (2 - 6) - -4?
-3
(6 + -1 - 2 - 5) + 8
6
Calculate (61 - 57) + (1 - -2).
7
-39 + 44 - (1 - 1 - -2)
3
What is (2 - 3) + (20 - 22)?
-3
Calculate -26 + 25 - (-1 + -2).
2
What is -14 + (10 + -14 - -14)?
-4
Evaluate (2 - 2) + -3 - (-1 + 1).
-3
Evaluate -23 + 19 + (1 - 0).
-3
Evaluate (-1 - 0 - -1) + 2 + -3.
-1
14 + -4 - (1 - -5)
4
Calculate 0 + -5 - (5 - 10).
0
What is -5 + 1 + -2 + 4 + -1?
-3
3 - (-3 + 10 + 1)
-5
2 + (4 - 6) + (-1 - 0)
-1
What is -2 + (-4 - 6) + 7?
-5
Calculate -2 + (-1 + -3 + 2 - -8).
4
Evaluate -18 + 11 + 2 + 2.
-3
Calculate -4 + -7 + -1 + 4 + 5.
-3
Evaluate -2 + (-14 - -22) + -7.
-1
3 - ((-3 - (9 + -2)) + 8)
5
1 + 6 + (-1 - 7)
-1
Calculate -5 + (-5 + 13 + 3 - 0).
6
What is (3 - 6) + 0 + (5 - 1)?
1
What is the value of 22 + -18 - (7 - 0)?
-3
Calculate -2 + -8 + 1 + 6.
-3
What is the value of (-20 - -17) + 2 + -4 + -1?
